 What is the remainder when s is divided by 3?
2
Calculate the remainder when 4350/18 - (-2)/6 is divided by 61.
59
What is the remainder when ((-14)/4 - 24/16) + 105 is divided by 18?
10
Let c be (-54)/(-126) - (-18)/7. Suppose -5*b + 36 = -c*b. Calculate the remainder when 52 is divided by b.
16
Let h = -264 - -273. Suppose -2*o = 21 + 11. Let p = 32 + o. What is the remainder when p is divided by h?
7
Suppose 30*u - 20*u - 30 = 0. What is the remainder when u/(3/(-1)*(-1)/22) is divided by 9?
4
Suppose 142*t = 143*t. Suppose -3*n + 4 = -2*z - 43, -3*n - 2*z + 31 = t. What is the remainder when 60 is divided by n?
8
Let n = 3 + 8. Let p(j) = -3*j**3 - 3*j**2 + 2*j - 1. Let q be p(2). Let i = q + 36. What is the remainder when n is divided by i?
2
Let j = -473 + 481. Calculate the remainder when 17 is divided by j.
1
Let b(s) = s**2 - 8*s + 4. Let h be b(7). Let p(q) = -q + 1. Let r be p(h). Suppose 212 = -r*f + 8*f. Calculate the remainder when f is divided by 14.
11
Let r(z) = -z - 14. Let w be r(-8). Calculate the remainder when (-7)/((-126)/(-12)) - 388/w is divided by 19.
7
Let u(b) = -b**3 - 36*b**2 - 14*b - 31. What is the remainder when u(-36) is divided by 25?
23
Let s(a) = -a**3 - 19*a**2 - 26*a - 8. What is the remainder when s(-18) is divided by 11?
4
Let b(u) be the second derivative of u**5/20 - u**4 - 13*u**3/6 + 4*u**2 + 29*u. Calculate the remainder when 11 is divided by b(13).
3
Let i = 1203 + -1111. Let x(q) = 9*q**3 + q + 1. Let r be x(2). Suppose -3*s = 3*n - r, 2*n = -3*s - s + i. Calculate the remainder when s is divided by 11.
10
Let g be 32/(-6)*12/(-8). Let b = 8 + g. Let v(p) = p**3 + 13*p**2 - 19*p - 25. What is the remainder when v(-14) is divided by b?
13
What is the remainder when 357 is divided by (33 - -3) + 6*(-1)/2?
27
Suppose 23*y - 288 = -12. Calculate the remainder when 387/12 - (-3)/(-12) is divided by y.
8
Suppose 0 = -5*p + 4*o - 2*o + 147, o + 30 = p. Let q = -72 - -127. Calculate the remainder when q is divided by p.
26
Let l be 0/(1*-2) + 0. Suppose 5*v + m = -2*m + 34, 5*v - 4*m - 13 = 0. Suppose -b + v*b - 72 = l. Calculate the remainder when 71 is divided by b.
17
What is the remainder when 5/(-20) - (-466)/8 is divided by 94/6 - (0 - 8/(-12))?
13
Suppose 0 = f - k - 88, 0 = 59*k - 54*k + 5. Calculate the remainder when 2694 is divided by f.
84
Suppose -8 = -8*d + 6*d. Suppose 4*n + d = 0, 2*x = -4*n + 14 + 40. Calculate the remainder when x is divided by 10.
9
Suppose -2*j - 28 = -3*o, -44 = -5*o - 8*j + 12*j. Calculate the remainder when o is divided by 3.
0
Let q(r) = -r**2 - 6*r - 5. Let f = -21 - -9. Let i = -3 - f. What is the remainder when i is divided by q(-2)?
0
Let c(b) = -5*b + 115. What is the remainder when c(-9) is divided by 11?
6
Calculate the remainder when 447 is divided by (-2)/(-5)*800/5.
63
Let f(z) = -2*z + 17. Let v be f(7). Suppose v*i - 6*i + 18 = 0. Suppose -3*j + i*j = 39. Calculate the remainder when 23 is divided by j.
10
What is the remainder when 17/((-323)/(-5622)) + (-8)/(-76) is divided by 13?
10
Let p = -43 + 35. Calculate the remainder when 39 is divided by ((-28)/p)/(2/4).
4
Suppose 865*i - 881*i + 3712 = 0. What is the remainder when 711 is divided by i?
15
Let r be ((-4)/12)/(2/(-18)). Suppose 3*k - 4*j + 8*j = 69, r*k - 42 = 5*j. Calculate the remainder when 25 is divided by k.
6
Suppose 10 = 3*h + 19. Calculate the remainder when 44 is divided by 10/(-4)*-6 + h/1.
8
Suppose 0*b + 3*b - 3 = 0, 3*y + 5*b - 104 = 0. Suppose -y - 227 = -5*g. Let f = g + -30. Calculate the remainder when 86 is divided by f.
20
Suppose -3584 = 12*p + 6496. Suppose 8 = 2*h + 4*s, 3*s = h - 5*h + 16. What is the remainder when 30 is divided by p/(-52) - h/26?
14
Let a be (-10)/(-45) - 16/(-9). Let z(k) = 6*k - k + 5*k. What is the remainder when z(a) is divided by 11?
9
Suppose 5*f - 4*w - 108 = 0, -w - 109 = -4*f - 16. Suppose 3*g + 15 = -q, -q + 26 = -3*q - 4*g. Let r = q + f. What is the remainder when 59 is divided by r?
14
Suppose -7*k + 10*k - 303 = 0. Suppose -2*x + 25 = -9. What is the remainder when k is divided by x?
16
Suppose -97 = -f + y, 0 = -3*f - 2*y + 55 + 261. Let r = f - 81. What is the remainder when 39 is divided by r?
18
Let k(s) be the third derivative of 7*s**4/24 - s**3 + 13*s**2. Calculate the remainder when k(11) is divided by 25.
21
Let x = -125 + 135. Let n = -12 - -28. What is the remainder when n is divided by x?
6
What is the remainder when 73440/442 - ((-28)/(-13) - 2) is divided by 57?
52
Let y = 2148 + -1534. Calculate the remainder when y is divided by 89.
80
Let l(v) = 6*v + 12. Let p(r) = r**2 + 8*r - 2. Let t be p(-9). Let d(n) = -2*n**3 - 2*n - 1. What is the remainder when l(t) is divided by d(-2)?
16
Let v be -3 + 1 - -2 - -4. Let b(m) = 5*m**2 - 5. What is the remainder when b(v) is divided by 26?
23
Let g(z) = 2*z**2 - 12*z - 21. Suppose -5*r + 5*y = -55, 2*r - 3 + 2 = -5*y. Calculate the remainder when 43 is divided by g(r).
10
Suppose 10 = -0*j + 2*j. Suppose j*r - b = 20, 0*b = 5*r + 2*b - 20. Let q(p) = 5*p**2 - 5*p + 1. Calculate the remainder when q(r) is divided by 16.
13
Calculate the remainder when 1*3/(3/(-67))*-1 is divided by 26.
15
Suppose 336 = 6*d - 2*d. Suppose -p + 53*r + 13 = 52*r, p - 1 = 4*r. What is the remainder when d is divided by p?
16
Let i(m) = -m**2 - 8*m + 13. Let d = 5 - 14. Let p be i(d). Suppose 5*j = p*n + 469, n = -3*j + j + 198. Calculate the remainder when j is divided by 25.
22
What is the remainder when (-6 + (621 - 1))*1 is divided by 77?
75
Let k = -27 - -32. Suppose k*p - 6*p + 20 = 0. Calculate the remainder when (1 + (-17)/(-2))*4 is divided by p.
18
Suppose 2*y - 2 = 8, 2*p + 32 = 4*y. What is the remainder when (-2 + -21)*(p + 5) is divided by 9?
5
Calculate the remainder when (-487)/(-1 - (1 + -1)) is divided by 167.
153
Let f = 27 + -2. Let r = f - 10. What is the remainder when 41 is divided by r?
11
Let x(l) = -65*l**3 + 3*l**2 - 2*l - 1. Calculate the remainder when 343 is divided by x(-1).
67
Suppose -2*t = 2*l + 2, l + 2*l = 4*t + 18. Let z = 5 - t. What is the remainder when 29 is divided by z?
5
Suppose 4*d - 32 = -f, 0 = f - 0*f - 4*d. Suppose -2*q + k = -k - 8, 3*k = 4*q - f. Suppose 0 = -q*r + 6*r - 28. Calculate the remainder when r is divided by 4.
2
Let h(b) = -b**3 - b - 52. Let p be h(0). Let i = -37 - p. Let o = i - 8. Calculate the remainder when 26 is divided by o.
5
Let v(d) = d**2 - 14*d + 15. Let s be v(13). Suppose -s*j + 21 = -j. Suppose -2*k + 71 + j = 0. Calculate the remainder when k is divided by 16.
14
Let w be -9 + 11 - 2*-1. Suppose -4 - 12 = -w*f. Suppose 0 = -f*r - 3*k + 5*k + 8, 0 = 4*k - 16. What is the remainder when 7 is divided by r?
3
Let m(k) = 5*k. Let w be m(-4). Let z be (4/(-5))/((-4)/w). What is the remainder when (14/(-21))/(z/246) is divided by 14?
13
Suppose -32 = -m - 5*k, -4*m + k + 20 + 24 = 0. Let f be -2 - (3 + -20) - 1. Suppose -f*n = -12*n - 94. Calculate the remainder when n is divided by m.
11
Let j be (-3)/(-2)*(-15)/((-315)/1022). Let u = 116 - j. What is the remainder when u is divided by 11?
10
Suppose 2*h + 43 = r, 176 = 5*r + h + 2*h. Calculate the remainder when r is divided by 2.
1
Let f = 8 + -4. Suppose -2*m - 5*q = -5*m - 49, f*m + q + 50 = 0. Calculate the remainder when (-6)/4 + m/(-2) is divided by 4.
1
Suppose -7 = -2*o + 53. Let a = 35 - o. What is the remainder when 16 is divided by a?
1
Suppose 11*g = 1165 - 1044. Calculate the remainder when 1252 is divided by g.
9
Let h be (-194)/(-8)*(-1 - (-7 + 2)). Let k = -87 + h. Calculate the remainder when 46 is divided by k.
6
Suppose 176 = 17*r + 6. Calculate the remainder when r is divided by 7.
3
Suppose 11 = 2*k + 5. Calculate the remainder when 29 is divided by (7/(-3) + k)*15.
9
Let a(g) = -5 + 16*g + 4 - 11*g + 23*g. Let p(o) = 2*o**2 - 4*o + 2. Let u be p(2). What is the remainder when a(u) is divided by 14?
13
Let g = 143 + -139. Suppose -g = i - 27. Calculate the remainder when 43 is divided by i.
20
Let h = 0 + 0. Suppose h*v + 20 = 4*v. Suppose -108 = -3*q - 3*q. Calculate the remainder when q is divided by v.
3
Let k = 1 + 7. Suppose 24 - k = 2*b. Calculate the remainder when (-3)/(-9) + (-130)/(-6) is divided by b.
6
Let n(f) = -f**3 - 22*f**2 + f + 36. Wh